104 = -a. What is the tens digit of a?
2
Suppose 2*y + 3*y = 2*n + 19, -3*n + 3*y = 6. Suppose 0 = -5*j - 3*z + 82 - 8, -n*j + 56 = -4*z. What is the units digit of j?
6
Suppose 0 = -4*j + 4, 4*j = -3*d + 31 - 9. Let l(s) = s**2 + s + 6. What is the tens digit of l(d)?
4
Suppose -4*y = -5*n - 5, -2*y + 3*n + 1 = -2. Suppose y*g + 52 = 4*g. What is the units digit of g?
3
Let h(j) = 74*j**2 - 2*j - 2. What is the tens digit of h(-1)?
7
Let z(j) = 1 + 3*j**2 - j + 2*j - 2*j. Let x be z(1). Let s = x - -4. What is the units digit of s?
7
Let f = -138 + 511. What is the tens digit of f?
7
Let x = -8 + 14. Suppose x = -p - 1. What is the units digit of (1 + p)/(1*-1)?
6
Let a(u) = -u + 5. Let f be a(0). Suppose f*z - z - 72 = 0. What is the tens digit of z?
1
Suppose 5*w - 265 = -4*c, 2*c = -3*w + 59 + 98. Suppose w = z + 3*i + 20, -3*z + 67 = 4*i. What is the tens digit of z?
1
Let i(r) = r**2 - 7*r + 7. Let h be i(6). Let q = h - 0. Suppose q = -5*v + 16. What is the units digit of v?
3
Suppose -l = -6*l + 5*p + 60, 24 = 4*l + 2*p. Suppose -3*y + l = y. Let w(x) = x**2 + x - 1. What is the units digit of w(y)?
5
Let c(b) = b - 1 + 3 - 5 + 6. What is the units digit of c(-2)?
1
Let w = -4 + 2. Let l = 5 + w. Suppose l*x - s = 6, 3*s = s - 6. What is the units digit of x?
1
Let a(m) = m**2 - 3. Let z be a(-3). Suppose -z*d = 2*s - 2*d + 2, -5*d = 3*s - 1. What is the units digit of s?
7
Suppose -d = -31 - 64. What is the tens digit of d?
9
Suppose -4*f = -2*x - 18, -f - x = 2*x - 8. Suppose 13 = 3*u - 4*y, -f*u - 2*y - y = -12. What is the units digit of u?
3
Suppose -c = -3*n - 19, -5*n - 2*c - 33 = -4*c. Let k(z) = -z + 3. What is the units digit of k(n)?
8
Suppose -o - 3*o + 40 = 0. Let v = o + -5. Let f = -4 + v. What is the units digit of f?
1
Let p(m) = -m**2 + 3*m + 5. Let d be 7 - (3 - (3 - 1)). Let r be p(d). Let u(z) = z + 32. What is the tens digit of u(r)?
1
Let f(r) = r**2 + 5*r - 8. What is the units digit of f(-11)?
8
Let b = -69 + 170. What is the hundreds digit of b?
1
Suppose 0 = -s + 5*s + 5*w - 535, 3*s - w = 406. What is the tens digit of s?
3
Let y = 121 - 72. What is the tens digit of y?
4
Suppose 0 = -4*y + 2*u + 38, -y - 3*u = -6*y + 50. Let i = y - 1. What is the units digit of i?
6
Suppose -2*m + 5*x = 27, -2*m - 2*m + 2*x - 14 = 0. Let j(r) = -4*r - 2. Let s be j(-2). Let z = s + m. What is the units digit of z?
5
Suppose 5*j = 218 + 302. What is the tens digit of j?
0
Let b(l) = -l**3 + 7*l**2 + 8*l - 4. Let f be b(8). Let y be (-23)/f + 1/4. What is the units digit of 3 + (-1)/(3/y)?
1
Suppose 4*d - 78 = 2*d. What is the units digit of d?
9
What is the units digit of (1 - (69 - 2))/(-2)?
3
Let a(q) = q**2 - q + 1. Let f be a(2). Let m(b) = b**3 - 11*b**2 + 11*b + 5. Let o be m(10). Suppose -r = -o + f. What is the units digit of r?
2
What is the units digit of (-15 + 9)*(-1 + -1)?
2
Let b(r) = -4*r + 187. What is the tens digit of b(0)?
8
Let b(u) = u**2 + 3*u + 1. What is the tens digit of b(-5)?
1
Let u = 7 - 17. Let g = u - -17. What is the units digit of g?
7
Let n(s) = -2*s**3 + 3*s**2 - 1. Let h be n(2). Let t(p) = -p**2 - 5*p - 2. Let k be t(h). What is the units digit of (k/6)/((-2)/6)?
1
Let u = -78 - -111. What is the tens digit of u?
3
Suppose v = -o - 1, -o + 1 = 5*v - 2*o. Suppose -5*i - 5*s = -20, v = 3*i - i - 2*s + 4. What is the units digit of i?
1
Let v = -7 + 2. Let z(b) = b**2 + 3*b + 3. What is the tens digit of z(v)?
1
Let x(u) = u**2 - 5*u + 2. Let m be x(5). Let g be (0 - -2)*(-93)/(-6). Suppose -m*y + 5*c = -g, c - 4*c - 1 = y. What is the units digit of y?
8
Suppose -d + 0 = 5, -3*o + 4 = -2*d. Let c = 16 + o. What is the units digit of c?
4
Let i = -47 - -67. Let y = -13 + i. What is the units digit of y?
7
Let a(y) = 7*y**2 - y. Suppose 15 = 3*s - 3*p, -2 + 4 = -2*p. Let w = -3 + s. What is the units digit of a(w)?
6
Let y be -2*(357/6)/(-7). Suppose 8*v - 3*v = l + y, -5*l + 5*v - 65 = 0. Let c = l - -22. What is the units digit of c?
0
Let i(b) = -b**3 - 7*b**2 - b + 3. Suppose -5*s - 11 = -4*s - 4*n, -2*n = -3*s - 23. What is the tens digit of i(s)?
1
Let u be (0/(0 - -1))/(-1). Suppose -3*y + 8*y - 35 = u. What is the units digit of y?
7
Let m = 141 - 77. What is the tens digit of m?
6
Let q = -96 - -115. What is the tens digit of q?
1
Let z(k) be the second derivative of k**4/12 + k**3 - 3*k**2/2 + k. Suppose 3*g + 12 = -3*f, 2*f - 1 = -2*g - 3*f. What is the units digit of z(g)?
4
Let v(s) = s + s - s + 7*s**2 + 1. What is the tens digit of v(-2)?
2
Let x(o) be the first derivative of o**6/360 + o**5/24 + 7*o**4/24 - o**3/3 - 1. Let w(h) be the third derivative of x(h). What is the units digit of w(-5)?
7
Let n be 4/(-6)*(-18)/4. Suppose n*z + 0*j = 5*j + 32, -z = -5*j - 24. What is the units digit of z?
4
Let r(h) = h**3 - 5*h**2 + 3*h - 10. Let v be r(5). Suppose -31 = v*u - 96. What is the tens digit of u?
1
Suppose 3*a + 12 = -0*a. What is the units digit of ((-3)/3)/(2/a)?
2
Suppose 0 = -2*f - 2*f + 80. Let a = -16 + f. What is the units digit of a?
4
What is the units digit of 77 + (3 - (-14)/(-2))?
3
Let p(a) = -2*a**2 + a + 61. What is the tens digit of p(0)?
6
Let b(k) = -k**3 + 9*k**2 - 6*k - 6. Let d be b(8). Let r be 2 + -5 - 1*-5. Suppose -r*h = -0*h - d. What is the units digit of h?
5
Suppose -13*d - 10 = -140. What is the units digit of d?
0
Let t = -25 + 73. What is the units digit of t?
8
Suppose -10*x + 832 = -658. What is the hundreds digit of x?
1
What is the tens digit of 231/1 + 1 + 340/85?
3
Let l(h) = -4*h - 9. Let k(p) = p**2 - p - 6. Let z be k(0). What is the units digit of l(z)?
5
Suppose 5*f + 30 = i, -f - f - 4*i = -10. Let v = f - -7. What is the units digit of v?
2
Suppose 0 = -8*s - 0 + 440. What is the units digit of s?
5
Let s = -9 + 13. Suppose -s*g + 13 = -z, 5*g + 4*z = -0*g + 32. Let d(t) = -t**3 + 4*t**2 + t + 5. What is the units digit of d(g)?
9
Let n(w) = w + 2. Let a be n(-2). Suppose a = -s + 3. Suppose s*c - 23 = 1. What is the units digit of c?
8
Let v = -1 - -98. What is the units digit of v?
7
Suppose 7*j = 2*j. Suppose j*y = h + y - 16, 3*h - 3*y = 18. What is the tens digit of h?
1
Suppose 28 = -j - b, 6*j - 4*j + 54 = -3*b. What is the units digit of j/(1 - (0 + 3))?
5
Suppose -37 = -2*i + 19. What is the units digit of i?
8
Suppose -22 = -2*x + x + 3*z, 3*z - 53 = -2*x. What is the tens digit of x?
2
Let q = 29 - 7. What is the tens digit of q?
2
Suppose 5*t = -h + 15, 0*t + 2*t + 5*h - 29 = 0. Suppose 3*q - 2 = 4*n - 3, -10 = 2*n + t*q. Let f = n - -3. What is the units digit of f?
1
Let w = 0 + 90. What is the units digit of w?
0
Let v = -1 + 4. Let m(g) = 1 + 3*g**2 + g - 6*g + g**v + 1. What is the units digit of m(-4)?
6
Suppose -h = b + 1, 4*b + 3*h = -2 - 1. Suppose -2*t + b = -a - 7, -4*a = 2*t - 12. What is the units digit of t?
4
Let d(h) = 4*h - 7. What is the units digit of d(8)?
5
Suppose -13 = -3*n + 5. Suppose c = n*c. Suppose c = -5*a - 0*a + 25. What is the units digit of a?
5
What is the units digit of -3 - -1 - (5 - 14)?
7
Let m(t) = t - 3. Let r be m(4). What is the units digit of (r/(-2))/((-2)/56)?
4
Let f(d) = -d**2 + 4. Let l be f(0). Suppose 4*c = l*b - 28, -3*b = 2*b + 5*c + 15. What is the units digit of b?
2
Suppose -4 = -2*x, 402 = 5*f + 2*x - x. What is the units digit of f?
0
Suppose -b = u + 4*b + 6, -48 = -5*u + b. Let i = u - 3. What is the units digit of i?
6
Let y be 7/2 + 12/8. Suppose -y*k + 94 = 9. What is the tens digit of k?
1
Let l(q) = 2*q**3 + 3*q**2 - 1. Let d = -1 + -1. Let j be l(d). What is the units digit of ((-5)/(j/12))/1?
2
Suppose 0 = 4*v - 3*f - 2, 2*v - 3*v = -4*f + 6. Suppose 3*a + 4*m = v*a - 18, -m - 2 = 0. What is the units digit of -3*4/(24/a)?
5
Suppose 160 = 2*o + 3*d, 0 = -0*d + 5*d + 10. What is the units digit of o?
3
Let t(n) = 6*n + 49. What is the hundreds digit of t(24)?
1
Let u be ((-2)/4)/(4/(-16)). Suppose -o = -c + u*c - 10, -40 = -4*o + c. What is the units digit of o?
0
What is the units digit of (3 - 8) + 1 + 242/1?
8
Suppose -z - 3 = 9. Let o = z + 21. What is the units digit of o?
9
Let q(b) = -8*b + 1. Let l be q(-3). What is the units digit of ((-16)/10)/((-10)/l)?
4
Let i(s) = 77*s - 2. What is the units digit of i(1)?
5
Let w = 44 - 17. Suppose -4